5?
6
What is the ten thousands digit of 996498388?
9
What is the hundreds digit of 3771535446?
4
What is the tens digit of 1762163058?
5
What is the millions digit of 3162536?
3
What is the millions digit of 154681410?
4
What is the tens digit of 855925385?
8
What is the tens digit of 5206142627?
2
What is the tens digit of 65418262?
6
What is the ten thousands digit of 805959894?
5
What is the units digit of 5439177133?
3
What is the hundreds digit of 78389257?
2
What is the ten millions digit of 2843316564?
4
What is the millions digit of 24107963?
4
What is the thousands digit of 5788576108?
6
What is the tens digit of 2875838008?
0
What is the hundred millions digit of 119163771?
1
What is the hundred millions digit of 4999414470?
9
What is the ten millions digit of 350246266?
5
What is the ten millions digit of 57887605?
5
What is the ten millions digit of 49325266?
4
What is the tens digit of 116439612?
1
What is the millions digit of 12490120?
2
What is the tens digit of 78039265?
6
What is the ten thousands digit of 4902153?
0
What is the ten millions digit of 1322214001?
2
What is the ten millions digit of 87654618?
8
What is the ten thousands digit of 166302903?
0
What is the billions digit of 6855782574?
6
What is the thousands digit of 285652165?
2
What is the units digit of 7835844?
4
What is the hundred thousands digit of 104450796?
4
What is the millions digit of 3337176?
3
What is the millions digit of 52097393?
2
What is the hundred millions digit of 725227330?
7
What is the hundred thousands digit of 62804506?
8
What is the hundred millions digit of 940903001?
9
What is the millions digit of 521484649?
1
What is the hundred millions digit of 492660298?
4
What is the tens digit of 534865748?
4
What is the ten thousands digit of 582120223?
2
What is the thousands digit of 158141157?
1
What is the hundreds digit of 19335996?
9
What is the hundred thousands digit of 1562314757?
3
What is the hundred millions digit of 912533505?
9
What is the ten millions digit of 44176651?
4
What is the thousands digit of 87031155?
1
What is the ten millions digit of 44938658?
4
What is the ten millions digit of 3251328109?
5
What is the ten thousands digit of 211158906?
5
What is the units digit of 27245851?
1
What is the millions digit of 317499143?
7
What is the tens digit of 690410850?
5
What is the hundred millions digit of 2920759665?
9
What is the millions digit of 118270351?
8
What is the millions digit of 22246949?
2
What is the hundred millions digit of 1866285196?
8
What is the thousands digit of 15267992?
7
What is the ten thousands digit of 505306166?
0
What is the thousands digit of 213888914?
8
What is the thousands digit of 2239238041?
8
What is the thousands digit of 109047480?
7
What is the tens digit of 1925213399?
9
What is the tens digit of 43724926?
2
What is the hundreds digit of 121690533?
5
What is the millions digit of 135489513?
5
What is the thousands digit of 336111877?
1
What is the hundred millions digit of 299217376?
2
What is the hundred millions digit of 2793995348?
7
What is the ten thousands digit of 31367272?
6
What is the units digit of 1540914923?
3
What is the thousands digit of 26322290?
2
What is the ten millions digit of 1274915670?
7
What is the tens digit of 83465713?
1
What is the ten thousands digit of 3429963877?
6
What is the hundred thousands digit of 52230251?
2
What is the hundreds digit of 78535746?
7
What is the tens digit of 552585618?
1
What is the hundred thousands digit of 4141289225?
2
What is the units digit of 34841218?
8
What is the ten millions digit of 38090157?
3
What is the millions digit of 49361025?
9
What is the thousands digit of 47600761?
0
What is the millions digit of 74006137?
4
What is the millions digit of 64266717?
4
What is the hundreds digit of 131861351?
3
What is the hundred millions digit of 783732422?
7
What is the ten thousands digit of 750871299?
7
What is the ten millions digit of 393751200?
9
What is the tens digit of 1158281666?
6
What is the ten millions digit of 601480022?
0
What is the thousands digit of 1262166855?
6
What is the ten millions digit of 35671311?
3
What is the ten thousands digit of 2640512335?
1
What is the ten thousands digit of 100677557?
7
What is the tens digit of 281401000?
0
What is the units digit of 661672658?
8
What is the hundred millions digit of 177386250?
1
What is the hundred thousands digit of 102551049?
5
What is the hundred thousands digit of 65761934?
7
What is the units digit of 1691014233?
3
What is the ten thousands digit of 56581391?
8
What is the ten thousands digit of 203550674?
5
What is the ten thousands digit of 59244304?
4
What is the hundred thousands digit of 669340393?
3
What is the tens digit of 114941589?
8
What is the hundreds digit of 71735650?
6
What is the hundreds digit of 1336813020?
0
What is the thousands digit of 305173089?
3
What is the tens digit of 4034648796?
9
What is the ten millions digit of 359003236?
5
What is the hundred thousands digit of 29468915?
4
What is the thousands digit of 108669084?
9
What is the hundreds digit of 58796515?
5
What is the units digit of 3983514?
4
What is the thousands digit of 12497242?
7
What is the hundreds digit of 1380889246?
2
What is the thousands digit of 221228071?
8
What is the hundreds digit of 93998614?
6
What is the hundred thousands digit of 130365383?
3
What is the hundreds digit of 267152294?
2
What is the units digit of 669835717?
7
What is the thousands digit of 85482212?
2
What is the billions digit of 1396781579?
1
What is the millions digit of 96071229?
6
What is the millions digit of 584176254?
4
What is the hundreds digit of 240459132?
1
What is the ten thousands digit of 1467072854?
7
What is the thousands digit of 352850323?
0
What is the thousands digit of 32420808?
0
What is the ten millions digit of 1570735881?
7
What is the units digit of 9996338?
8
What is the millions digit of 85732866?
5
What is the ten thousands digit of 83329983?
2
What is the hundred thousands digit of 2590203447?
2
What is the thousands digit of 100830862?
0
What is the hundred thousands digit of 579047407?
0
What is the thousands digit of 324175863?
5
What is the ten thousands digit of 34084744?
8
What is the ten thousands digit of 466168403?
6
What is the hundred thousands digit of 97696893?
6
What is the millions digit of 153900521?
3
What is the tens digit of 161342084?
8
What is the ten thousands digit of 563941662?
4
What is the units digit of 1102772284?
4
What is the tens digit of 502623318?
1
What is the hundreds digit of 1004572?
5
What is the hundreds digit of 96087644?
6
What is the hundred thousands digit of 20288387?
2
What is the ten millions digit of 4122883352?
2
What is the hundreds digit of 298978679?
6
What is the ten thousands digit of 8620214?
2
What is the hundred millions digit of 197075860?
1
What is the ten thousands digit of 1401395713?
9
What is the hundred thousands digit of 2142983628?
9
What is the millions digit of 225313809?
5
What is the billions digit of 1942687152?
1
What is the hundred thousands digit of 14067428?
0
What is the ten thousands digit of 682569799?
6
What is the tens digit of 150972641?
4
What is the hundreds digit of 196712108?
1
What is the units digit of 22127778?
8
What is the hundred thousands digit of 298256671?
2
What is the ten thousands digit of 2705812992?
1
What is the hundreds digit of 1443906846?
8
What is the units digit of 49380250?
0
What is the hundreds digit of 17971182?
1
What is the tens digit of 22874131?
3
What is the millions digit of 96609751?
6
What is the ten millions digit of 4645630828?
4
What is the thousands digit of 35227876?
7
What is the millions digit of 79030538?
9
What is the millions digit of 30333931?
0
What is the tens digit of 157951664?
6
What is the tens digit of 96424219?
1
What is the hundred thousands digit of 131068946?
0
What is the ten thousands digit of 47462722?
6
What is the hundred thousands digit of 1928865810?
8
What is the ten millions digit of 65985389?
6
What is the units digit of 110962638?
8
What is the hundreds digit of 16670431?
4
What is the hundred thousands digit of 14753803?
7
What is the ten thousands digit of 1441953319?
5
What is the millions